ide 9021016?
False
Is 439 a factor of 1666383351?
False
Is 5503175 a multiple of 11?
False
Is 158 a factor of 416769809?
False
Is 63134363 a multiple of 4?
False
Is 89614 a multiple of 14?
True
Is 46726156 a multiple of 23?
True
Is 111152144 a multiple of 152?
False
Does 211 divide 2490663088?
False
Is 1470 a factor of 769527360?
True
Is 207280546 a multiple of 7?
False
Does 2746 divide 574660?
False
Does 13 divide 388836625?
False
Does 640 divide 4800821?
False
Is 1101 a factor of 297969932?
False
Is 52 a factor of 5185685128?
True
Is 129239483 a multiple of 18?
False
Is 15515367 a multiple of 75?
False
Is 1261309939 a multiple of 60?
False
Is 7827454 a multiple of 4?
False
Is 50402380 a multiple of 245?
True
Is 25980828 a multiple of 57?
True
Is 1207843 a multiple of 13?
True
Does 344 divide 3080045624?
True
Is 6 a factor of 1189146?
True
Is 30282579 a multiple of 11?
False
Is 31644320 a multiple of 184?
True
Is 66098707 a multiple of 3547?
False
Is 228 a factor of 529076872?
False
Does 1395 divide 2023566796?
False
Is 25 a factor of 93552950?
True
Does 5108 divide 1253442799?
False
Does 65 divide 102693760?
True
Is 44724413 a multiple of 31?
True
Does 1620 divide 326593620?
True
Is 3 a factor of 9331188?
True
Is 2850887 a multiple of 25?
False
Is 4494 a factor of 518823312?
True
Is 7 a factor of 30742929?
True
Is 128786392 a multiple of 1169?
True
Is 45623332 a multiple of 38?
True
Does 129 divide 57728382?
False
Is 23 a factor of 11773383?
False
Is 179209977 a multiple of 323?
False
Is 21130878 a multiple of 142?
True
Is 12 a factor of 134913878?
False
Does 8 divide 620630461?
False
Is 95416440 a multiple of 28?
True
Does 123 divide 104805801?
False
Is 352 a factor of 21458976?
True
Does 1479 divide 2682561?
False
Does 20 divide 216508160?
True
Is 153 a factor of 4186274?
False
Does 213 divide 229944966?
False
Is 17644179 a multiple of 120?
False
Does 244 divide 32939594?
False
Is 939898 a multiple of 536?
False
Does 247 divide 10632411?
False
Is 567 a factor of 712413954?
True
Does 1589 divide 33318152?
True
Is 369602749 a multiple of 4?
False
Is 8131 a factor of 1417582933?
True
Is 581 a factor of 275215633?
True
Does 12 divide 7134381?
False
Is 923130848 a multiple of 7683?
False
Does 1430 divide 208083590?
True
Is 247522408 a multiple of 1638?
False
Does 41 divide 54680593?
True
Is 9 a factor of 147922182?
True
Does 400 divide 47177522?
False
Does 8 divide 110943136?
True
Is 26 a factor of 15158624?
True
Is 35144736 a multiple of 23?
True
Does 532 divide 49816388?
False
Does 1367 divide 56380243?
False
Is 10917234 a multiple of 112?
False
Is 402195996 a multiple of 17?
True
Does 377 divide 44872802?
True
Does 43 divide 136472122?
False
Does 543 divide 11004981?
True
Does 60 divide 7306920?
True
Is 15 a factor of 175516170?
True
Does 6452 divide 607139652?
True
Is 123705667 a multiple of 1313?
False
Is 78723693 a multiple of 39?
False
Is 457573487 a multiple of 3922?
False
Does 2352 divide 1863651888?
True
Is 41893795 a multiple of 8?
False
Is 86779116 a multiple of 12?
True
Is 22218881 a multiple of 394?
False
Does 846 divide 415066594?
False
Does 519 divide 11314138?
False
Does 13 divide 44530152?
False
Does 5 divide 22763442?
False
Does 882 divide 74984112?
True
Is 351 a factor of 122200737?
False
Is 53636380 a multiple of 986?
False
Is 416472 a multiple of 1289?
False
Does 11 divide 1190864?
False
Is 15 a factor of 68053185?
True
Does 115 divide 567870?
True
Is 22 a factor of 133304710?
True
Is 6738372 a multiple of 36?
True
Does 23 divide 62564807?
True
Does 701 divide 1042387?
True
Is 96846524 a multiple of 1527?
False
Is 357 a factor of 9007774?
False
Is 12 a factor of 10335029?
False
Is 31 a factor of 12765800?
True
Is 21083036 a multiple of 634?
True
Does 78 divide 19665516?
True
Is 451089344 a multiple of 8?
True
Is 1050 a factor of 26321597?
False
Is 3787 a factor of 61837923?
True
Is 850 a factor of 55237541?
False
Does 11 divide 44452337?
False
Does 296 divide 14129158?
False
Is 2729221868 a multiple of 3539?
False
Is 390982100 a multiple of 50?
True
Is 168 a factor of 82683888?
True
Does 6 divide 457019730?
True
Does 1581 divide 24998788?
False
Does 21 divide 821418536?
False
Is 74 a factor of 195864386?
False
Does 5 divide 287134035?
True
Does 1191 divide 158646626?
False
Does 20 divide 52641660?
True
Does 6 divide 3066089?
False
Is 787088193 a multiple of 17?
False
Is 37098127 a multiple of 155?
False
Is 25162528 a multiple of 1122?
False
Is 166737951 a multiple of 6?
False
Is 86 a factor of 2493914?
True
Is 727807256 a multiple of 17?
False
Is 65337105 a multiple of 14?
False
Is 670 a factor of 17531453?
False
Does 589 divide 35635678?
True
Is 575 a factor of 488010138?
False
Is 436 a factor of 1323774335?
False
Is 690 a multiple of 10?
True
Is 8563 a factor of 954694042?
False
Is 69 a factor of 12086385?
True
Does 5 divide 15842303?
False
Is 1927 a factor of 672707064?
False
Is 115393586 a multiple of 22?
True
Is 375 a factor of 24281169?
False
Is 2431 a factor of 83152355?
True
Is 228648794 a multiple of 2086?
False
Is 15252028 a multiple of 22?
True
Is 709 a factor of 19503748?
False
Is 50046597 a multiple of 35?
False
Is 211 a factor of 11741517?
True
Does 13 divide 59940436?
False
Is 643 a factor of 2135462799?
True
Does 20 divide 1513836340?
True
Does 21 divide 31643997?
True
Is 40041408 a multiple of 96?
True
Does 7763 divide 1022309470?
True
Is 2375692704 a multiple of 5808?
True
Does 10 divide 49415677?
False
Does 32 divide 13753376?
True
Is 4 a factor of 200609426?
False
Is 59004757 a multiple of 11?
False
Is 3 a factor of 11512875?
True
Does 21 divide 314031816?
True
Is 884 a factor of 1711970312?
True
Is 130672575 a multiple of 1485?
True
Is 3409 a factor of 1409198040?
False
Does 218 divide 208645620?
True
Is 16 a factor of 741627095?
False
Is 129 a factor of 41392446?
False
Does 1051 divide 15295203?
True
Is 70360118 a multiple of 37?
False
Is 849 a factor of 296343450?
True
Is 212 a factor of 27930576?
True
Does 81 divide 15922002?
False
Is 13 a factor of 575728621?
True
Is 647 a factor of 34021159?
False
Is 3 a factor of 15750041?
False
Is 5209 a factor of 291980077?
True
Does 11 divide 294307625?
False
Is 658389810 a multiple of 10?
True
Is 3484 a factor of 8689096?
True
Is 28082048 a multiple of 64?
True
Does 184 divide 39432066?
False
Is 9 a factor of 8382392?
False
Is 63198176 a multiple of 22?
False
Is 267375414 a multiple of 75?
False
Does 1258 divide 151011460?
False
Does 695 divide 139501095?
True
Does 8 divide 65957608?
True
Does 60 divide 347715615?
False
Is 4654123 a multiple of 827?
False
Is 167 a factor of 20816550?
True
Does 64 divide 460773866?
False
Is 184194179 a multiple of 39?
False
Does 2780 divide 419355631?
False
Is 28356858 a multiple of 1479?
False
Is 1865223598 a multiple of 11496?
False
Is 15 a factor of 26428528?
False
Is 110430752 a multiple of 44?
False
Does 16 divide 144719094?
False
Is 1166 a factor of 2277525646?
True
Does 176 divide 332618176?
True
Is 440 a factor of 1353277271?
False
Is 13304156 a multiple of 231?
False
Is 217 a factor of 696660649?
False
Is 878531800 a multiple of 725?
True
Is 515 a factor of 28775080?
False
Does 11 divide 165199647?
False
Is 2337 a factor of 28284711?
True
Is 2726944588 a multiple of 211?
True
Is 4003 a factor of 2040529252?
False
Is 2823438802 a multiple of 2867?
True
Is 262194995 a multiple of 64?
False
Does 218 divide 17114594?
False
Is 15592 a factor of 3079809800?
True
Does 11 divide 534742384?
True
Does 4150 divide 144444900?
True
Is 133016676 a multiple of 156?
True
Does 5815 divide 370357350?
True
Is 17180320 a multiple of 8?
True
Is 204541565 a multiple of 26?
False
Is 380 a factor of 35383111?
False
Is 3271 a factor of 282124482?
False
Is 1954388112 a multiple of 12?
True
Is 6090304 a multiple of 399?
False
Does 14 divide 778087609?
False
Is 114627001 a multiple of 222?
False
Is 10 a factor of 1570209806?
False
Is 769138078 a multiple of 19?
False
Is 36 a factor of 251856072?
True
Is 69 a factor of 529842704?
False
Is 27 a factor of 97427232?
True
Is 11 a factor of 5560160903?
True
Is 78074625 a multiple of 8?
False
Is 719 a factor of 173658473?
False
Is 919070887 a multiple of 109?
True
Is 1009068421 a multiple of 3194?